ctor of 18659693 and 299?
299
Calculate the greatest common divisor of 387090 and 810.
90
What is the greatest common factor of 151472075 and 5075?
725
What is the highest common divisor of 18288 and 187071?
381
What is the highest common factor of 5298255 and 276540?
6285
Calculate the highest common divisor of 25307121 and 21.
21
Calculate the greatest common divisor of 8589 and 11925213.
1227
What is the highest common divisor of 34042954 and 22?
22
Calculate the greatest common factor of 638899 and 1334.
29
What is the greatest common divisor of 3663996 and 126?
42
Calculate the highest common factor of 12 and 434226588.
12
What is the greatest common factor of 533 and 1227694?
13
What is the highest common factor of 7670 and 155350?
130
What is the highest common divisor of 1401 and 154442971?
467
What is the greatest common divisor of 15509 and 3611439?
13
What is the highest common factor of 1074519 and 7922?
17
What is the highest common factor of 454 and 1325163121?
227
What is the highest common factor of 18550307 and 992?
31
Calculate the greatest common factor of 9512511 and 708.
177
What is the highest common factor of 5179810 and 30?
10
What is the greatest common divisor of 918440 and 20840?
40
What is the greatest common divisor of 3028 and 754729?
757
What is the highest common divisor of 7445415 and 2485?
355
Calculate the highest common divisor of 18 and 383034087.
9
Calculate the highest common factor of 97412 and 1038604.
1372
Calculate the greatest common factor of 91838 and 201262.
1954
Calculate the greatest common factor of 99 and 8442981.
9
Calculate the greatest common divisor of 10292 and 1139442758.
5146
What is the greatest common factor of 164881762 and 2842?
58
What is the greatest common factor of 3467334 and 1482?
78
Calculate the greatest common factor of 972503 and 313369.
623
What is the greatest common divisor of 717698 and 5?
1
What is the greatest common divisor of 107088 and 446016?
1104
Calculate the highest common factor of 300354 and 2351304.
678
What is the greatest common divisor of 2889 and 9188625?
321
Calculate the greatest common divisor of 70140504 and 82.
82
What is the highest common factor of 59603920 and 11060?
1580
What is the greatest common divisor of 161328042 and 4392?
1098
Calculate the greatest common factor of 178 and 12049.
1
Calculate the greatest common divisor of 1665258 and 2338.
14
Calculate the greatest common factor of 7430529 and 516.
129
Calculate the highest common factor of 224134191 and 477.
477
What is the highest common divisor of 5060550 and 132?
66
What is the highest common factor of 900745 and 1105?
85
Calculate the highest common divisor of 266 and 3824086.
14
What is the greatest common factor of 16680 and 32916?
12
Calculate the greatest common divisor of 2501 and 2285545.
41
Calculate the greatest common divisor of 40 and 8213140.
20
Calculate the highest common divisor of 66068 and 16268.
332
What is the highest common divisor of 2959 and 11171?
1
Calculate the greatest common factor of 65 and 9760231.
13
Calculate the greatest common factor of 729 and 9067059.
243
What is the greatest common divisor of 1418417 and 693?
77
What is the highest common divisor of 24701210 and 50?
10
Calculate the greatest common divisor of 325 and 276233100.
325
Calculate the greatest common divisor of 24713 and 94328.
13
Calculate the greatest common divisor of 3 and 2053938.
3
Calculate the highest common divisor of 835396 and 254092.
1828
What is the highest common factor of 43996959 and 1998?
999
Calculate the greatest common divisor of 1197235 and 22820.
815
Calculate the highest common divisor of 574861 and 2583.
287
What is the highest common divisor of 1039191 and 45?
3
Calculate the highest common divisor of 11374404 and 33216.
2076
Calculate the highest common divisor of 16360231 and 18499.
1423
What is the greatest common divisor of 58145152 and 780?
52
Calculate the highest common factor of 13400 and 16030420.
1340
What is the greatest common divisor of 151 and 24156527?
151
Calculate the greatest common divisor of 107273632 and 2353.
181
Calculate the greatest common factor of 5292713 and 109.
109
What is the highest common factor of 19161681 and 63525?
2541
What is the highest common divisor of 398860 and 703?
37
Calculate the highest common divisor of 212546 and 114.
2
What is the greatest common divisor of 210 and 100571340?
30
What is the greatest common divisor of 638698619 and 34?
17
What is the highest common divisor of 672 and 6310017?
21
Calculate the highest common divisor of 3742 and 686.
2
What is the highest common factor of 50868 and 451532?
628
What is the highest common factor of 14745855 and 369?
123
Calculate the highest common factor of 226378 and 2758.
2
What is the greatest common factor of 124 and 114763457?
31
What is the highest common factor of 10720 and 24410?
10
Calculate the greatest common divisor of 37025146 and 13576.
3394
What is the greatest common divisor of 22 and 3152567?
11
Calculate the greatest common factor of 62481710 and 20.
10
What is the highest common divisor of 356 and 60770624?
356
Calculate the greatest common divisor of 973477 and 4515.
43
Calculate the greatest common factor of 5898840 and 280.
40
Calculate the highest common divisor of 272 and 6373079.
17
What is the greatest common factor of 688 and 3296294?
86
What is the highest common divisor of 229104 and 33241392?
5328
Calculate the greatest common factor of 8004 and 7113555.
2001
Calculate the highest common factor of 129307526 and 3983.
569
What is the highest common divisor of 68024 and 516904?
8
What is the greatest common divisor of 891685254 and 7218?
2406
Calculate the greatest common factor of 5483810 and 747.
83
Calculate the highest common divisor of 9622433 and 14878.
173
What is the highest common divisor of 917 and 11613936?
131
What is the greatest common factor of 4885 and 200702179?
977
Calculate the greatest common factor of 50071485 and 530.
265
What is the highest common divisor of 34689906 and 54?
18
What is the greatest common divisor of 49 and 2450812?
7
Calculate the greatest common factor of 3162 and 114439104.
3162
Calculate the greatest common factor of 43089 and 3696711.
813
What is the highest common factor of 4116 and 3069444?
84
What is the greatest common divisor of 299689587 and 3177?
3177
Calculate the highest common factor of 19570 and 15845829.
1957
Calculate the greatest common factor of 739226825 and 950.
475
Calculate the greatest common divisor of 235 and 24648116.
47
What is the greatest common divisor of 5487145 and 53755?
4135
Calculate the greatest common factor of 17610 and 672.
6
What is the greatest common divisor of 171741 and 1449?
69
What is the greatest common factor of 813960 and 2886480?
6840
Calculate the highest common divisor of 9261 and 28408779.
1323
What is the highest common factor of 3160764 and 3876?
228
Calculate the highest common factor of 9435556 and 208.
52
What is the greatest common factor of 145425 and 2573053?
1939
Calculate the greatest common factor of 32938228 and 251.
251
What is the greatest common divisor of 298030 and 1410?
10
Calculate the greatest common divisor of 55200 and 5925.
75
What is the highest common factor of 1316128 and 80256?
352
What is the highest common factor of 20527941 and 217?
7
What is the highest common factor of 42 and 67685376?
6
What is the highest common factor of 1294146 and 2016?
126
Calculate the greatest common factor of 647217105 and 16260.
4065
What is the highest common factor of 25880954 and 22?
22
What is the highest common factor of 38276219 and 305?
61
Calculate the highest common divisor of 15920 and 374333328.
3184
What is the highest common factor of 100 and 262396?
4
What is the highest common factor of 1033242 and 5250?
42
What is the highest common factor of 163458 and 108054?
162
What is the highest common divisor of 249181371 and 9?
9
What is the greatest common divisor of 290196 and 378?
54
What is the greatest common divisor of 35350 and 192740825?
2525
Calculate the highest common divisor of 2451059 and 23881.
2171
Calculate the highest common divisor of 70 and 11037033.
7
What is the greatest common factor of 1850664 and 120640?